{"id":111,"date":"2026-03-02T20:52:47","date_gmt":"2026-03-02T23:52:47","guid":{"rendered":"http:\/\/papostudio.com.br\/?page_id=111"},"modified":"2026-03-03T13:48:32","modified_gmt":"2026-03-03T16:48:32","slug":"portfolio","status":"publish","type":"page","link":"http:\/\/papostudio.com.br\/index.php\/portfolio\/","title":{"rendered":"Portfolio"},"content":{"rendered":"\n<p><\/p>\n\n\n<link rel=\"stylesheet\" href=\"https:\/\/fonts.googleapis.com\/css2?family=Inter:wght@400;500;600;700;800\" \/>\n<div class=\"wp-block-group is-style-default has-text-color has-background has-link-color wp-elements-ab6e426032d01c3b07c151cd3625b055 is-layout-constrained wp-container-core-group-is-layout-b2ecc861 wp-block-group-is-layout-constrained\" style=\"color:#888889;background-color:#fffffe;margin-top:0;margin-bottom:0;padding-top:80px;padding-right:26px;padding-bottom:80px;padding-left:26px;font-size:clamp(14px, 0.875rem + ((1vw - 3.2px) * 0.122), 16px);font-style:normal;font-weight:400;line-height:1.6; font-family: 'Inter' !important;\" style=\"color:#888889;background-color:#fffffe;margin-top:0;margin-bottom:0;padding-top:80px;padding-right:26px;padding-bottom:80px;padding-left:26px;font-size:clamp(14px, 0.875rem + ((1vw - 3.2px) * 0.122), 16px);font-style:normal;font-weight:400;line-height:1.6\">\n<div class=\"wp-block-columns is-layout-flex wp-container-core-columns-is-layout-6d6a9c9b wp-block-columns-is-layout-flex\" style=\"margin-bottom:64px\">\n<div class=\"wp-block-column is-layout-flow wp-container-core-column-is-layout-8a368f38 wp-block-column-is-layout-flow\"><link rel=\"stylesheet\" href=\"https:\/\/fonts.googleapis.com\/css2?family=Unbounded:wght@400;500;600;700;800\" \/>\n<h2 class=\"wp-block-heading has-text-align-left has-text-color has-link-color wp-elements-1c695c3eba0be227b2484ee7df7df773\" style=\"color:#011436;margin-top:4px;margin-bottom:12px;font-size:clamp(25.984px, 1.624rem + ((1vw - 3.2px) * 1.099), 44px);font-style:normal;font-weight:500;line-height:1.3;text-transform:none; font-family: 'Unbounded' !important;\" style=\"color:#011436;margin-top:4px;margin-bottom:12px;font-size:clamp(25.984px, 1.624rem + ((1vw - 3.2px) * 1.099), 44px);font-style:normal;font-weight:500;line-height:1.3;text-transform:none\">\u00daltimos projetos<\/h2>\n\n\n\n<div class=\"wp-block-columns is-not-stacked-on-mobile is-layout-flex wp-container-core-columns-is-layout-28f84493 wp-block-columns-is-layout-flex cozy-animation__initialized\" data-aos=\"fade-up\" data-aos-easing=\"ease-in\" data-aos-anchor-placement=\"top-bottom\" data-aos-duration=\"600\">\n<div class=\"wp-block-column is-layout-flow wp-block-column-is-layout-flow\">\n<figure class=\"wp-block-image size-large\"><img loading=\"lazy\" decoding=\"async\" width=\"1024\" height=\"1024\" src=\"http:\/\/papostudio.com.br\/wp-content\/uploads\/2026\/03\/identidade-visual-marca-lingerie-luett-moda-PaPoStudio_PaulaPosser-1024x1024.png\" alt=\"\" class=\"wp-image-106\" srcset=\"http:\/\/papostudio.com.br\/wp-content\/uploads\/2026\/03\/identidade-visual-marca-lingerie-luett-moda-PaPoStudio_PaulaPosser-1024x1024.png 1024w, http:\/\/papostudio.com.br\/wp-content\/uploads\/2026\/03\/identidade-visual-marca-lingerie-luett-moda-PaPoStudio_PaulaPosser-300x300.png 300w, http:\/\/papostudio.com.br\/wp-content\/uploads\/2026\/03\/identidade-visual-marca-lingerie-luett-moda-PaPoStudio_PaulaPosser-150x150.png 150w, http:\/\/papostudio.com.br\/wp-content\/uploads\/2026\/03\/identidade-visual-marca-lingerie-luett-moda-PaPoStudio_PaulaPosser-768x768.png 768w, http:\/\/papostudio.com.br\/wp-content\/uploads\/2026\/03\/identidade-visual-marca-lingerie-luett-moda-PaPoStudio_PaulaPosser.png 1080w\" sizes=\"auto, (max-width: 1024px) 100vw, 1024px\" \/><\/figure>\n\n\n\n<h2 class=\"wp-block-heading has-text-align-left\"><strong>Luett<\/strong><\/h2>\n\n\n\n<p class=\"has-text-align-left\">Redesign da marca Luett moda intima para o grupo Emp\u00f3rio Mundial.<\/p>\n<\/div>\n\n\n\n<div class=\"wp-block-column is-layout-flow wp-block-column-is-layout-flow\">\n<figure class=\"wp-block-image size-full\"><img loading=\"lazy\" decoding=\"async\" width=\"564\" height=\"564\" src=\"http:\/\/papostudio.com.br\/wp-content\/uploads\/2026\/03\/interior-loja-projeto-Paula-Posser-Jump-Maison.jpg\" alt=\"\" class=\"wp-image-108\" srcset=\"http:\/\/papostudio.com.br\/wp-content\/uploads\/2026\/03\/interior-loja-projeto-Paula-Posser-Jump-Maison.jpg 564w, http:\/\/papostudio.com.br\/wp-content\/uploads\/2026\/03\/interior-loja-projeto-Paula-Posser-Jump-Maison-300x300.jpg 300w, http:\/\/papostudio.com.br\/wp-content\/uploads\/2026\/03\/interior-loja-projeto-Paula-Posser-Jump-Maison-150x150.jpg 150w\" sizes=\"auto, (max-width: 564px) 100vw, 564px\" \/><\/figure>\n\n\n\n<h2 class=\"wp-block-heading has-text-align-left\"><strong>Jump<\/strong><\/h2>\n\n\n\n<p>Cria\u00e7\u00e3o do conceito, pesquisa de mercado, redesign, arquitetura, visual merchandising e execu\u00e7\u00e3o da obra.<\/p>\n<\/div>\n<\/div>\n<\/div>\n<\/div>\n\n\n\n<div class=\"wp-block-columns is-layout-flex wp-container-core-columns-is-layout-28f84493 wp-block-columns-is-layout-flex\">\n<div class=\"wp-block-column is-layout-flow wp-block-column-is-layout-flow\">\n<figure class=\"wp-block-image size-large\"><img loading=\"lazy\" decoding=\"async\" width=\"1024\" height=\"1024\" src=\"http:\/\/papostudio.com.br\/wp-content\/uploads\/2026\/03\/Conceito-Visual-RainhaDasNoivas_IdentidadeVisual_RainhaDasNoivas_PaPoStudio-para-3AGcomunicacao_2025-4-e1772498150248-1024x1024.jpg\" alt=\"\" class=\"wp-image-104\" srcset=\"http:\/\/papostudio.com.br\/wp-content\/uploads\/2026\/03\/Conceito-Visual-RainhaDasNoivas_IdentidadeVisual_RainhaDasNoivas_PaPoStudio-para-3AGcomunicacao_2025-4-e1772498150248-1024x1024.jpg 1024w, http:\/\/papostudio.com.br\/wp-content\/uploads\/2026\/03\/Conceito-Visual-RainhaDasNoivas_IdentidadeVisual_RainhaDasNoivas_PaPoStudio-para-3AGcomunicacao_2025-4-e1772498150248-300x300.jpg 300w, http:\/\/papostudio.com.br\/wp-content\/uploads\/2026\/03\/Conceito-Visual-RainhaDasNoivas_IdentidadeVisual_RainhaDasNoivas_PaPoStudio-para-3AGcomunicacao_2025-4-e1772498150248-150x150.jpg 150w, http:\/\/papostudio.com.br\/wp-content\/uploads\/2026\/03\/Conceito-Visual-RainhaDasNoivas_IdentidadeVisual_RainhaDasNoivas_PaPoStudio-para-3AGcomunicacao_2025-4-e1772498150248-768x768.jpg 768w, http:\/\/papostudio.com.br\/wp-content\/uploads\/2026\/03\/Conceito-Visual-RainhaDasNoivas_IdentidadeVisual_RainhaDasNoivas_PaPoStudio-para-3AGcomunicacao_2025-4-e1772498150248.jpg 1440w\" sizes=\"auto, (max-width: 1024px) 100vw, 1024px\" \/><\/figure>\n<\/div>\n\n\n\n<div class=\"wp-block-column is-layout-flow wp-block-column-is-layout-flow\">\n<figure class=\"wp-block-image size-large\"><img loading=\"lazy\" decoding=\"async\" width=\"1024\" height=\"1024\" src=\"http:\/\/papostudio.com.br\/wp-content\/uploads\/2026\/03\/BahGurias_ecommerce-desktop-mobile_parceria_agenciapresenca-scaled-e1772498264988-1024x1024.jpg\" alt=\"\" class=\"wp-image-109\" srcset=\"http:\/\/papostudio.com.br\/wp-content\/uploads\/2026\/03\/BahGurias_ecommerce-desktop-mobile_parceria_agenciapresenca-scaled-e1772498264988-1024x1024.jpg 1024w, http:\/\/papostudio.com.br\/wp-content\/uploads\/2026\/03\/BahGurias_ecommerce-desktop-mobile_parceria_agenciapresenca-scaled-e1772498264988-300x300.jpg 300w, http:\/\/papostudio.com.br\/wp-content\/uploads\/2026\/03\/BahGurias_ecommerce-desktop-mobile_parceria_agenciapresenca-scaled-e1772498264988-150x150.jpg 150w, http:\/\/papostudio.com.br\/wp-content\/uploads\/2026\/03\/BahGurias_ecommerce-desktop-mobile_parceria_agenciapresenca-scaled-e1772498264988-768x768.jpg 768w, http:\/\/papostudio.com.br\/wp-content\/uploads\/2026\/03\/BahGurias_ecommerce-desktop-mobile_parceria_agenciapresenca-scaled-e1772498264988-1536x1536.jpg 1536w, http:\/\/papostudio.com.br\/wp-content\/uploads\/2026\/03\/BahGurias_ecommerce-desktop-mobile_parceria_agenciapresenca-scaled-e1772498264988.jpg 1700w\" sizes=\"auto, (max-width: 1024px) 100vw, 1024px\" \/><\/figure>\n<\/div>\n<\/div>\n\n\n\n<div class=\"wp-block-columns ca-pattern__img-height-auto is-layout-flex wp-container-core-columns-is-layout-f91475f2 wp-block-columns-is-layout-flex\" style=\"margin-top:0;margin-bottom:0\">\n<div class=\"wp-block-column is-layout-constrained wp-container-core-column-is-layout-e5cdb0b6 wp-block-column-is-layout-constrained\"><link rel=\"stylesheet\" href=\"https:\/\/fonts.googleapis.com\/css2?family=Unbounded:wght@400;500;600;700;800\" \/>\n<h3 class=\"wp-block-heading has-text-color has-link-color wp-elements-ea41e9dac664daa3772d908bc5add9db\" style=\"color:#011436;margin-top:16px;margin-bottom:12px;font-size:clamp(14px, 0.875rem + ((1vw - 3.2px) * 0.244), 18px);font-style:normal;font-weight:500;line-height:1.2; font-family: 'Unbounded' !important;\" style=\"color:#011436;margin-top:16px;margin-bottom:12px;font-size:clamp(14px, 0.875rem + ((1vw - 3.2px) * 0.244), 18px);font-style:normal;font-weight:500;line-height:1.2\">Rainha das Noivas<\/h3>\n\n\n\n<p style=\"margin-top:6px;line-height:1.7\">Desenvolvimento do conceito e cria\u00e7\u00e3o da identidade visual da campanha Casa Bonita para a ag\u00eancia 3ag.comunica\u00e7\u00e3o<\/p>\n\n\n\n<p><\/p>\n\n\n\n<div style=\"height:42px\" aria-hidden=\"true\" class=\"wp-block-spacer\"><\/div>\n\n\n\n<p><\/p>\n\n\n\n<div class=\"wp-block-columns is-layout-flex wp-container-core-columns-is-layout-28f84493 wp-block-columns-is-layout-flex\">\n<div class=\"wp-block-column is-layout-flow wp-block-column-is-layout-flow\">\n<figure class=\"wp-block-image size-full\"><img loading=\"lazy\" decoding=\"async\" width=\"852\" height=\"852\" src=\"http:\/\/papostudio.com.br\/wp-content\/uploads\/2026\/03\/adorata-intima-project-architec-paula-posser-photo-Camila-Machado-Florianopolis-Brazil-2.jpg\" alt=\"\" class=\"wp-image-129\" srcset=\"http:\/\/papostudio.com.br\/wp-content\/uploads\/2026\/03\/adorata-intima-project-architec-paula-posser-photo-Camila-Machado-Florianopolis-Brazil-2.jpg 852w, http:\/\/papostudio.com.br\/wp-content\/uploads\/2026\/03\/adorata-intima-project-architec-paula-posser-photo-Camila-Machado-Florianopolis-Brazil-2-300x300.jpg 300w, http:\/\/papostudio.com.br\/wp-content\/uploads\/2026\/03\/adorata-intima-project-architec-paula-posser-photo-Camila-Machado-Florianopolis-Brazil-2-150x150.jpg 150w, http:\/\/papostudio.com.br\/wp-content\/uploads\/2026\/03\/adorata-intima-project-architec-paula-posser-photo-Camila-Machado-Florianopolis-Brazil-2-768x768.jpg 768w\" sizes=\"auto, (max-width: 852px) 100vw, 852px\" \/><\/figure>\n<\/div>\n<\/div>\n\n\n\n<div class=\"wp-block-buttons has-custom-font-size is-content-justification-left is-layout-flex wp-container-core-buttons-is-layout-c8a84bd9 wp-block-buttons-is-layout-flex\" style=\"margin-top:26px;margin-bottom:0;font-size:clamp(14px, 0.875rem + ((1vw - 3.2px) * 0.122), 16px);font-style:normal;font-weight:500\"><\/div>\n\n\n\n<h2 class=\"wp-block-heading\"><strong>Adorata<\/strong><\/h2>\n\n\n\n<p>Desenvolvimento do conceito de arquitetura de interiores para loja de lingerie e intimidade.<\/p>\n\n\n\n<p><\/p>\n<\/div>\n\n\n\n<div class=\"wp-block-column is-layout-constrained wp-container-core-column-is-layout-e5cdb0b6 wp-block-column-is-layout-constrained\"><link rel=\"stylesheet\" href=\"https:\/\/fonts.googleapis.com\/css2?family=Unbounded:wght@400;500;600;700;800\" \/>\n<h3 class=\"wp-block-heading has-text-color has-link-color wp-elements-be25f59a933ea35043f24d7c89150ee6\" style=\"color:#011436;margin-top:16px;margin-bottom:12px;font-size:clamp(14px, 0.875rem + ((1vw - 3.2px) * 0.244), 18px);font-style:normal;font-weight:500;line-height:1.2; font-family: 'Unbounded' !important;\" style=\"color:#011436;margin-top:16px;margin-bottom:12px;font-size:clamp(14px, 0.875rem + ((1vw - 3.2px) * 0.244), 18px);font-style:normal;font-weight:500;line-height:1.2\">Bah Gurias<\/h3>\n\n\n\n<p style=\"margin-top:6px;line-height:1.7\">Cria\u00e7\u00e3o do conceito e layout do site para e-commerce Tray para ag\u00eancia Presen\u00e7a.<\/p>\n\n\n\n<p><\/p>\n\n\n\n<p><\/p>\n\n\n\n<div style=\"height:42px\" aria-hidden=\"true\" class=\"wp-block-spacer\"><\/div>\n\n\n\n<div class=\"wp-block-columns is-layout-flex wp-container-core-columns-is-layout-28f84493 wp-block-columns-is-layout-flex\">\n<div class=\"wp-block-column is-layout-flow wp-block-column-is-layout-flow\">\n<figure class=\"wp-block-image size-large\"><img loading=\"lazy\" decoding=\"async\" width=\"1024\" height=\"1024\" src=\"http:\/\/papostudio.com.br\/wp-content\/uploads\/2026\/03\/2025_Elegance_Catalogo_Outono-Inverno-2025-Lingerie-scaled-e1772499957472-1024x1024.jpg\" alt=\"\" class=\"wp-image-132\" srcset=\"http:\/\/papostudio.com.br\/wp-content\/uploads\/2026\/03\/2025_Elegance_Catalogo_Outono-Inverno-2025-Lingerie-scaled-e1772499957472-1024x1024.jpg 1024w, http:\/\/papostudio.com.br\/wp-content\/uploads\/2026\/03\/2025_Elegance_Catalogo_Outono-Inverno-2025-Lingerie-scaled-e1772499957472-300x300.jpg 300w, http:\/\/papostudio.com.br\/wp-content\/uploads\/2026\/03\/2025_Elegance_Catalogo_Outono-Inverno-2025-Lingerie-scaled-e1772499957472-150x150.jpg 150w, http:\/\/papostudio.com.br\/wp-content\/uploads\/2026\/03\/2025_Elegance_Catalogo_Outono-Inverno-2025-Lingerie-scaled-e1772499957472-768x768.jpg 768w, http:\/\/papostudio.com.br\/wp-content\/uploads\/2026\/03\/2025_Elegance_Catalogo_Outono-Inverno-2025-Lingerie-scaled-e1772499957472-1536x1536.jpg 1536w, http:\/\/papostudio.com.br\/wp-content\/uploads\/2026\/03\/2025_Elegance_Catalogo_Outono-Inverno-2025-Lingerie-scaled-e1772499957472.jpg 1920w\" sizes=\"auto, (max-width: 1024px) 100vw, 1024px\" \/><\/figure>\n<\/div>\n<\/div>\n\n\n\n<div class=\"wp-block-buttons has-custom-font-size is-content-justification-left is-layout-flex wp-container-core-buttons-is-layout-c8a84bd9 wp-block-buttons-is-layout-flex\" style=\"margin-top:26px;margin-bottom:0;font-size:clamp(14px, 0.875rem + ((1vw - 3.2px) * 0.122), 16px);font-style:normal;font-weight:500\"><\/div>\n\n\n\n<h2 class=\"wp-block-heading\"><strong>Elegance<\/strong><\/h2>\n\n\n\n<p>Cria\u00e7\u00e3o da identidade visual da cole\u00e7\u00e3o outono-inverno 25 da marca: cat\u00e1logo, lookbook, kv visual e redes sociais.<\/p>\n<\/div>\n<\/div>\n\n\n\n<div class=\"wp-block-columns ca-pattern__img-height-auto is-layout-flex wp-container-core-columns-is-layout-f91475f2 wp-block-columns-is-layout-flex\" style=\"margin-top:0;margin-bottom:0\">\n<div class=\"wp-block-column is-layout-constrained wp-container-core-column-is-layout-e5cdb0b6 wp-block-column-is-layout-constrained\">\n<div class=\"wp-block-buttons has-custom-font-size is-content-justification-left is-layout-flex wp-container-core-buttons-is-layout-c8a84bd9 wp-block-buttons-is-layout-flex\" style=\"margin-top:26px;margin-bottom:0;font-size:clamp(14px, 0.875rem + ((1vw - 3.2px) * 0.122), 16px);font-style:normal;font-weight:500\"><\/div>\n<\/div>\n\n\n\n<div class=\"wp-block-column is-layout-constrained wp-container-core-column-is-layout-e5cdb0b6 wp-block-column-is-layout-constrained\">\n<div class=\"wp-block-buttons has-custom-font-size is-content-justification-left is-layout-flex wp-container-core-buttons-is-layout-c8a84bd9 wp-block-buttons-is-layout-flex\" style=\"margin-top:26px;margin-bottom:0;font-size:clamp(14px, 0.875rem + ((1vw - 3.2px) * 0.122), 16px);font-style:normal;font-weight:500\"><\/div>\n<\/div>\n<\/div>\n\n\n\n<div class=\"wp-block-columns ca-pattern__img-height-auto is-layout-flex wp-container-core-columns-is-layout-ac72be7f wp-block-columns-is-layout-flex\" style=\"margin-top:44px;margin-bottom:0\">\n<div class=\"wp-block-column is-layout-constrained wp-container-core-column-is-layout-e5cdb0b6 wp-block-column-is-layout-constrained\">\n<div class=\"wp-block-buttons has-custom-font-size is-content-justification-left is-layout-flex wp-container-core-buttons-is-layout-c8a84bd9 wp-block-buttons-is-layout-flex\" style=\"margin-top:26px;margin-bottom:0;font-size:clamp(14px, 0.875rem + ((1vw - 3.2px) * 0.122), 16px);font-style:normal;font-weight:500\"><\/div>\n<\/div>\n<\/div>\n<\/div>\n","protected":false},"excerpt":{"rendered":"<p>\u00daltimos projetos Luett Redesign da marca Luett moda intima para o grupo Emp\u00f3rio Mundial. Jump Cria\u00e7\u00e3o do conceito, pesquisa de mercado, redesign, arquitetura, visual merchandising e execu\u00e7\u00e3o da obra. Rainha das Noivas Desenvolvimento do conceito e cria\u00e7\u00e3o da identidade visual da campanha Casa Bonita para a ag\u00eancia 3ag.comunica\u00e7\u00e3o Adorata Desenvolvimento do conceito de arquitetura de&#8230;<\/p>\n","protected":false},"author":1,"featured_media":107,"parent":0,"menu_order":0,"comment_status":"closed","ping_status":"closed","template":"","meta":{"footnotes":""},"class_list":["post-111","page","type-page","status-publish","has-post-thumbnail","hentry"],"yoast_head":"<!-- This site is optimized with the Yoast SEO plugin v27.0 - https:\/\/yoast.com\/product\/yoast-seo-wordpress\/ -->\n<title>Portfolio - PaPo Studio<\/title>\n<meta name=\"robots\" content=\"index, follow, max-snippet:-1, max-image-preview:large, max-video-preview:-1\" \/>\n<link rel=\"canonical\" href=\"http:\/\/papostudio.com.br\/index.php\/portfolio\/\" \/>\n<meta property=\"og:locale\" content=\"pt_BR\" \/>\n<meta property=\"og:type\" content=\"article\" \/>\n<meta property=\"og:title\" content=\"Portfolio - PaPo Studio\" \/>\n<meta property=\"og:description\" content=\"\u00daltimos projetos Luett Redesign da marca Luett moda intima para o grupo Emp\u00f3rio Mundial. Jump Cria\u00e7\u00e3o do conceito, pesquisa de mercado, redesign, arquitetura, visual merchandising e execu\u00e7\u00e3o da obra. Rainha das Noivas Desenvolvimento do conceito e cria\u00e7\u00e3o da identidade visual da campanha Casa Bonita para a ag\u00eancia 3ag.comunica\u00e7\u00e3o Adorata Desenvolvimento do conceito de arquitetura de...\" \/>\n<meta property=\"og:url\" content=\"http:\/\/papostudio.com.br\/index.php\/portfolio\/\" \/>\n<meta property=\"og:site_name\" content=\"PaPo Studio\" \/>\n<meta property=\"article:modified_time\" content=\"2026-03-03T16:48:32+00:00\" \/>\n<meta property=\"og:image\" content=\"http:\/\/papostudio.com.br\/wp-content\/uploads\/2026\/03\/identidade-visual-marca-lingerie-luett-moda-PaPoStudio_PaulaPosser-design-estrategico.png\" \/>\n\t<meta property=\"og:image:width\" content=\"1366\" \/>\n\t<meta property=\"og:image:height\" content=\"768\" \/>\n\t<meta property=\"og:image:type\" content=\"image\/png\" \/>\n<meta name=\"twitter:card\" content=\"summary_large_image\" \/>\n<meta name=\"twitter:label1\" content=\"Est. tempo de leitura\" \/>\n\t<meta name=\"twitter:data1\" content=\"1 minuto\" \/>\n<script type=\"application\/ld+json\" class=\"yoast-schema-graph\">{\"@context\":\"https:\/\/schema.org\",\"@graph\":[{\"@type\":\"WebPage\",\"@id\":\"http:\/\/papostudio.com.br\/index.php\/portfolio\/\",\"url\":\"http:\/\/papostudio.com.br\/index.php\/portfolio\/\",\"name\":\"Portfolio - PaPo Studio\",\"isPartOf\":{\"@id\":\"http:\/\/papostudio.com.br\/#website\"},\"primaryImageOfPage\":{\"@id\":\"http:\/\/papostudio.com.br\/index.php\/portfolio\/#primaryimage\"},\"image\":{\"@id\":\"http:\/\/papostudio.com.br\/index.php\/portfolio\/#primaryimage\"},\"thumbnailUrl\":\"http:\/\/papostudio.com.br\/wp-content\/uploads\/2026\/03\/identidade-visual-marca-lingerie-luett-moda-PaPoStudio_PaulaPosser-design-estrategico.png\",\"datePublished\":\"2026-03-02T23:52:47+00:00\",\"dateModified\":\"2026-03-03T16:48:32+00:00\",\"breadcrumb\":{\"@id\":\"http:\/\/papostudio.com.br\/index.php\/portfolio\/#breadcrumb\"},\"inLanguage\":\"pt-BR\",\"potentialAction\":[{\"@type\":\"ReadAction\",\"target\":[\"http:\/\/papostudio.com.br\/index.php\/portfolio\/\"]}]},{\"@type\":\"ImageObject\",\"inLanguage\":\"pt-BR\",\"@id\":\"http:\/\/papostudio.com.br\/index.php\/portfolio\/#primaryimage\",\"url\":\"http:\/\/papostudio.com.br\/wp-content\/uploads\/2026\/03\/identidade-visual-marca-lingerie-luett-moda-PaPoStudio_PaulaPosser-design-estrategico.png\",\"contentUrl\":\"http:\/\/papostudio.com.br\/wp-content\/uploads\/2026\/03\/identidade-visual-marca-lingerie-luett-moda-PaPoStudio_PaulaPosser-design-estrategico.png\",\"width\":1366,\"height\":768},{\"@type\":\"BreadcrumbList\",\"@id\":\"http:\/\/papostudio.com.br\/index.php\/portfolio\/#breadcrumb\",\"itemListElement\":[{\"@type\":\"ListItem\",\"position\":1,\"name\":\"Home\",\"item\":\"http:\/\/papostudio.com.br\/\"},{\"@type\":\"ListItem\",\"position\":2,\"name\":\"Portfolio\"}]},{\"@type\":\"WebSite\",\"@id\":\"http:\/\/papostudio.com.br\/#website\",\"url\":\"http:\/\/papostudio.com.br\/\",\"name\":\"PaPo Studio\",\"description\":\"Estrat\u00e9gia, Marketing, Performance, Design\",\"publisher\":{\"@id\":\"http:\/\/papostudio.com.br\/#organization\"},\"potentialAction\":[{\"@type\":\"SearchAction\",\"target\":{\"@type\":\"EntryPoint\",\"urlTemplate\":\"http:\/\/papostudio.com.br\/?s={search_term_string}\"},\"query-input\":{\"@type\":\"PropertyValueSpecification\",\"valueRequired\":true,\"valueName\":\"search_term_string\"}}],\"inLanguage\":\"pt-BR\"},{\"@type\":\"Organization\",\"@id\":\"http:\/\/papostudio.com.br\/#organization\",\"name\":\"PaPo Studio\",\"url\":\"http:\/\/papostudio.com.br\/\",\"logo\":{\"@type\":\"ImageObject\",\"inLanguage\":\"pt-BR\",\"@id\":\"http:\/\/papostudio.com.br\/#\/schema\/logo\/image\/\",\"url\":\"http:\/\/papostudio.com.br\/wp-content\/uploads\/2026\/02\/Design-sem-nome-2-scaled.png\",\"contentUrl\":\"http:\/\/papostudio.com.br\/wp-content\/uploads\/2026\/02\/Design-sem-nome-2-scaled.png\",\"width\":2560,\"height\":2560,\"caption\":\"PaPo Studio\"},\"image\":{\"@id\":\"http:\/\/papostudio.com.br\/#\/schema\/logo\/image\/\"}}]}<\/script>\n<!-- \/ Yoast SEO plugin. -->","yoast_head_json":{"title":"Portfolio - PaPo Studio","robots":{"index":"index","follow":"follow","max-snippet":"max-snippet:-1","max-image-preview":"max-image-preview:large","max-video-preview":"max-video-preview:-1"},"canonical":"http:\/\/papostudio.com.br\/index.php\/portfolio\/","og_locale":"pt_BR","og_type":"article","og_title":"Portfolio - PaPo Studio","og_description":"\u00daltimos projetos Luett Redesign da marca Luett moda intima para o grupo Emp\u00f3rio Mundial. Jump Cria\u00e7\u00e3o do conceito, pesquisa de mercado, redesign, arquitetura, visual merchandising e execu\u00e7\u00e3o da obra. Rainha das Noivas Desenvolvimento do conceito e cria\u00e7\u00e3o da identidade visual da campanha Casa Bonita para a ag\u00eancia 3ag.comunica\u00e7\u00e3o Adorata Desenvolvimento do conceito de arquitetura de...","og_url":"http:\/\/papostudio.com.br\/index.php\/portfolio\/","og_site_name":"PaPo Studio","article_modified_time":"2026-03-03T16:48:32+00:00","og_image":[{"width":1366,"height":768,"url":"http:\/\/papostudio.com.br\/wp-content\/uploads\/2026\/03\/identidade-visual-marca-lingerie-luett-moda-PaPoStudio_PaulaPosser-design-estrategico.png","type":"image\/png"}],"twitter_card":"summary_large_image","twitter_misc":{"Est. tempo de leitura":"1 minuto"},"schema":{"@context":"https:\/\/schema.org","@graph":[{"@type":"WebPage","@id":"http:\/\/papostudio.com.br\/index.php\/portfolio\/","url":"http:\/\/papostudio.com.br\/index.php\/portfolio\/","name":"Portfolio - PaPo Studio","isPartOf":{"@id":"http:\/\/papostudio.com.br\/#website"},"primaryImageOfPage":{"@id":"http:\/\/papostudio.com.br\/index.php\/portfolio\/#primaryimage"},"image":{"@id":"http:\/\/papostudio.com.br\/index.php\/portfolio\/#primaryimage"},"thumbnailUrl":"http:\/\/papostudio.com.br\/wp-content\/uploads\/2026\/03\/identidade-visual-marca-lingerie-luett-moda-PaPoStudio_PaulaPosser-design-estrategico.png","datePublished":"2026-03-02T23:52:47+00:00","dateModified":"2026-03-03T16:48:32+00:00","breadcrumb":{"@id":"http:\/\/papostudio.com.br\/index.php\/portfolio\/#breadcrumb"},"inLanguage":"pt-BR","potentialAction":[{"@type":"ReadAction","target":["http:\/\/papostudio.com.br\/index.php\/portfolio\/"]}]},{"@type":"ImageObject","inLanguage":"pt-BR","@id":"http:\/\/papostudio.com.br\/index.php\/portfolio\/#primaryimage","url":"http:\/\/papostudio.com.br\/wp-content\/uploads\/2026\/03\/identidade-visual-marca-lingerie-luett-moda-PaPoStudio_PaulaPosser-design-estrategico.png","contentUrl":"http:\/\/papostudio.com.br\/wp-content\/uploads\/2026\/03\/identidade-visual-marca-lingerie-luett-moda-PaPoStudio_PaulaPosser-design-estrategico.png","width":1366,"height":768},{"@type":"BreadcrumbList","@id":"http:\/\/papostudio.com.br\/index.php\/portfolio\/#breadcrumb","itemListElement":[{"@type":"ListItem","position":1,"name":"Home","item":"http:\/\/papostudio.com.br\/"},{"@type":"ListItem","position":2,"name":"Portfolio"}]},{"@type":"WebSite","@id":"http:\/\/papostudio.com.br\/#website","url":"http:\/\/papostudio.com.br\/","name":"PaPo Studio","description":"Estrat\u00e9gia, Marketing, Performance, Design","publisher":{"@id":"http:\/\/papostudio.com.br\/#organization"},"potentialAction":[{"@type":"SearchAction","target":{"@type":"EntryPoint","urlTemplate":"http:\/\/papostudio.com.br\/?s={search_term_string}"},"query-input":{"@type":"PropertyValueSpecification","valueRequired":true,"valueName":"search_term_string"}}],"inLanguage":"pt-BR"},{"@type":"Organization","@id":"http:\/\/papostudio.com.br\/#organization","name":"PaPo Studio","url":"http:\/\/papostudio.com.br\/","logo":{"@type":"ImageObject","inLanguage":"pt-BR","@id":"http:\/\/papostudio.com.br\/#\/schema\/logo\/image\/","url":"http:\/\/papostudio.com.br\/wp-content\/uploads\/2026\/02\/Design-sem-nome-2-scaled.png","contentUrl":"http:\/\/papostudio.com.br\/wp-content\/uploads\/2026\/02\/Design-sem-nome-2-scaled.png","width":2560,"height":2560,"caption":"PaPo Studio"},"image":{"@id":"http:\/\/papostudio.com.br\/#\/schema\/logo\/image\/"}}]}},"_links":{"self":[{"href":"http:\/\/papostudio.com.br\/index.php\/wp-json\/wp\/v2\/pages\/111","targetHints":{"allow":["GET"]}}],"collection":[{"href":"http:\/\/papostudio.com.br\/index.php\/wp-json\/wp\/v2\/pages"}],"about":[{"href":"http:\/\/papostudio.com.br\/index.php\/wp-json\/wp\/v2\/types\/page"}],"author":[{"embeddable":true,"href":"http:\/\/papostudio.com.br\/index.php\/wp-json\/wp\/v2\/users\/1"}],"replies":[{"embeddable":true,"href":"http:\/\/papostudio.com.br\/index.php\/wp-json\/wp\/v2\/comments?post=111"}],"version-history":[{"count":17,"href":"http:\/\/papostudio.com.br\/index.php\/wp-json\/wp\/v2\/pages\/111\/revisions"}],"predecessor-version":[{"id":160,"href":"http:\/\/papostudio.com.br\/index.php\/wp-json\/wp\/v2\/pages\/111\/revisions\/160"}],"wp:featuredmedia":[{"embeddable":true,"href":"http:\/\/papostudio.com.br\/index.php\/wp-json\/wp\/v2\/media\/107"}],"wp:attachment":[{"href":"http:\/\/papostudio.com.br\/index.php\/wp-json\/wp\/v2\/media?parent=111"}],"curies":[{"name":"wp","href":"https:\/\/api.w.org\/{rel}","templated":true}]}}